s the ten millions digit of 23983199?
2
What is the units digit of 130311?
1
What is the thousands digit of 3931031?
1
What is the thousands digit of 5328059?
8
What is the hundreds digit of 117958?
9
What is the hundred thousands digit of 400617?
4
What is the thousands digit of 306115?
6
What is the units digit of 1597575?
5
What is the hundred thousands digit of 2128160?
1
What is the millions digit of 22474124?
2
What is the hundreds digit of 105501?
5
What is the tens digit of 319713?
1
What is the units digit of 52440?
0
What is the hundreds digit of 2555594?
5
What is the ten thousands digit of 602757?
0
What is the millions digit of 1765786?
1
What is the hundred thousands digit of 16619550?
6
What is the hundred thousands digit of 23004561?
0
What is the tens digit of 4386617?
1
What is the thousands digit of 35435?
5
What is the ten thousands digit of 9783758?
8
What is the hundred thousands digit of 183492?
1
What is the units digit of 3166361?
1
What is the millions digit of 1996534?
1
What is the hundreds digit of 51659?
6
What is the units digit of 5636352?
2
What is the hundred thousands digit of 428001?
4
What is the ten thousands digit of 268939?
6
What is the tens digit of 8396?
9
What is the units digit of 157983?
3
What is the ten millions digit of 22877122?
2
What is the hundred thousands digit of 598535?
5
What is the units digit of 175952?
2
What is the thousands digit of 625742?
5
What is the hundreds digit of 55349?
3
What is the hundreds digit of 532754?
7
What is the thousands digit of 5007856?
7
What is the units digit of 1349047?
7
What is the hundred thousands digit of 550214?
5
What is the units digit of 1072737?
7
What is the hundred thousands digit of 13096328?
0
What is the tens digit of 575847?
4
What is the thousands digit of 14863425?
3
What is the hundreds digit of 2523896?
8
What is the hundreds digit of 1466276?
2
What is the units digit of 351649?
9
What is the hundreds digit of 2083?
0
What is the hundred thousands digit of 2527039?
5
What is the hundreds digit of 3786613?
6
What is the hundreds digit of 785828?
8
What is the thousands digit of 663406?
3
What is the ten thousands digit of 218146?
1
What is the hundred thousands digit of 3494742?
4
What is the hundred thousands digit of 155014?
1
What is the units digit of 364650?
0
What is the tens digit of 21290403?
0
What is the hundreds digit of 1254787?
7
What is the units digit of 22361999?
9
What is the thousands digit of 631963?
1
What is the millions digit of 3872082?
3
What is the hundreds digit of 3831653?
6
What is the hundred thousands digit of 9691505?
6
What is the units digit of 649202?
2
What is the units digit of 5993651?
1
What is the thousands digit of 395756?
5
What is the tens digit of 318214?
1
What is the ten thousands digit of 243502?
4
What is the units digit of 3324880?
0
What is the hundred thousands digit of 2595219?
5
What is the hundred thousands digit of 763648?
7
What is the millions digit of 2093213?
2
What is the hundreds digit of 115450?
4
What is the units digit of 6156757?
7
What is the ten thousands digit of 434092?
3
What is the tens digit of 272250?
5
What is the ten thousands digit of 262232?
6
What is the ten thousands digit of 3630280?
3
What is the ten thousands digit of 6457283?
5
What is the units digit of 7308?
8
What is the units digit of 823490?
0
What is the thousands digit of 709166?
9
What is the thousands digit of 138878?
8
What is the ten thousands digit of 1737331?
3
What is the hundred thousands digit of 810130?
8
What is the millions digit of 1951315?
1
What is the hundred thousands digit of 142729?
1
What is the tens digit of 301144?
4
What is the units digit of 17983912?
2
What is the thousands digit of 2151557?
1
What is the tens digit of 146249?
4
What is the tens digit of 10871?
7
What is the tens digit of 3990786?
8
What is the ten thousands digit of 700773?
0
What is the hundreds digit of 4508643?
6
What is the tens digit of 2167198?
9
What is the tens digit of 122389?
8
What is the thousands digit of 3340630?
0
What is the units digit of 8056?
6
What is the hundred thousands digit of 1649500?
6
What is the hundred thousands digit of 226345?
2
What is the hundreds digit of 638992?
9
What is the tens digit of 1008698?
9
What is the units digit of 551750?
0
What is the tens digit of 1190019?
1
What is the units digit of 19601?
1
What is the units digit of 18005372?
2
What is the hundreds digit of 4946490?
4
What is the thousands digit of 2029945?
9
What is the thousands digit of 7242495?
2
What is the tens digit of 1864711?
1
What is the tens digit of 2645125?
2
What is the hundreds digit of 575488?
4
What is the units digit of 9772139?
9
What is the hundreds digit of 203987?
9
What is the ten millions digit of 11479302?
1
What is the hundreds digit of 857594?
5
What is the units digit of 221341?
1
What is the units digit of 6183947?
7
What is the hundred thousands digit of 4131785?
1
What is the thousands digit of 46009004?
9
What is the ten thousands digit of 328180?
2
What is the thousands digit of 9018124?
8
What is the hundred thousands digit of 268937?
2
What is the hundreds digit of 5580440?
4
What is the hundred thousands digit of 24610759?
6
What is the hundred thousands digit of 2917537?
9
What is the tens digit of 226855?
5
What is the hundreds digit of 192664?
6
What is the units digit of 1117521?
1
What is the ten thousands digit of 3357276?
5
What is the hundred thousands digit of 145130?
1
What is the units digit of 1465661?
1
What is the units digit of 1011814?
4
What is the hundreds digit of 62286?
2
What is the tens digit of 34651?
5
What is the hundred thousands digit of 599109?
5
What is the millions digit of 1371366?
1
What is the hundreds digit of 122625?
6
What is the hundred thousands digit of 7599478?
5
What is the millions digit of 3106264?
3
What is the millions digit of 1510570?
1
What is the units digit of 4354150?
0
What is the hundred thousands digit of 1996552?
9
What is the millions digit of 4774473?
4
What is the thousands digit of 1260126?
0
What is the tens digit of 743391?
9
What is the hundreds digit of 344464?
4
What is the units digit of 15405830?
0
What is the ten thousands digit of 570013?
7
What is the hundred thousands digit of 20932512?
9
What is the hundred thousands digit of 271345?
2
What is the tens digit of 658580?
8
What is the units digit of 985004?
4
What is the units digit of 1248921?
1
What is the hundred thousands digit of 3414762?
4
What is the ten thousands digit of 147876?
4
What is the tens digit of 1515878?
7
What is the hundreds digit of 1696445?
4
What is the units digit of 113790?
0
What is the ten thousands digit of 19521?
1
What is the hundreds digit of 20244113?
1
What is the hundreds digit of 861849?
8
What is the hundreds digit of 179691?
6
What is the thousands digit of 5508967?
8
What is the tens digit of 10731?
3
What is the ten thousands digit of 208015?
0
What is the tens digit of 10310?
1
What is the tens digit of 178778?
7
What is the ten thousands digit of 428359?
2
What is the ten thousands digit of 472106?
7
What is the hundreds digit of 576673?
6
What is the thousands digit of 464843?
4
What is the hundreds digit of 272016?
0
What is the ten thousands digit of 72444?
7
What is the hundred thousands digit of 711255?
7
What is the thousands digit of 125855?
5
What is the tens digit of 575951?
5
What is the ten thousands digit of 681253?
8
What is the ten thousands digit of 9890750?
9
What is the hundred thousands digit of 1545988?
5
What is the units digit of 420668?
8
What is the tens digit of 4388759?
5
What is the hundreds digit of 1863635?
6
What is the thousands digit of 487786?
7
What is the ten thousands digit of 361515?
6
What is the hundreds digit of 578906?
9
What is the hundreds digit of 5099688?
6
What is the tens digit of 12846141?
4
What is the hundreds digit of 6716185?
1
What is the hundreds digit of 19968294?
2
What is the millions digit of 31890473?
1
What is the units digit of 6880230?
0
What is the hundreds digit of 3607566?
5
What is the tens digit of 484621?
2
What is the units digit of 5160839?
9
What is the millions digit of 4772400?
4
What is the millions digit of 2908122?
2
What is th